{"id":3416,"date":"2020-12-09T13:41:29","date_gmt":"2020-12-09T10:41:29","guid":{"rendered":"https:\/\/annelertoplandik.com\/blog\/?page_id=3416"},"modified":"2024-09-20T22:56:53","modified_gmt":"2024-09-20T19:56:53","slug":"kunye","status":"publish","type":"page","link":"https:\/\/annelertoplandik.com\/blog\/kunye\/","title":{"rendered":"K\u00fcnye"},"content":{"rendered":"\n<p><strong>\u0130MT\u0130YAZ SAH\u0130B\u0130 \u2013 Grantee<\/strong><\/p>\n\n\n\n<p>K\u00f6ksal \u0130Y\u0130G\u00dcN<br>destek@annelertoplandik.com<br><\/p>\n\n\n\n<p><strong>ADRES \/ Adress<\/strong><\/p>\n\n\n\n<p>AKSU MAH. OM\u00dc CAD. OM\u00dc TEKNO PARK NO: 165 ATAKUM\/ SAMSUN<\/p>\n\n\n\n<p><strong>DUNS Number<\/strong><\/p>\n\n\n\n<p>751130280<\/p>\n\n\n\n<p><strong>GENEL YAYIN Y\u00d6NETMEN\u0130 \u2013 Editor in Chief<\/strong><\/p>\n\n\n\n<p>destek@annelertoplandik.com<\/p>\n\n\n\n<p><strong>HABER ED\u0130T\u00d6RLER\u0130 \u2013 News Editors<br><\/strong><br>no-reply@annelertoplandik.com<\/p>\n\n\n\n<p><strong>GECE ED\u0130T\u00d6R\u00dc \u2013 Night Editor (\u00c7al\u0131\u015fma Saatleri \/ Working Hours 23:00-08:00)<br><\/strong>no-reply@annelertoplandik.com<\/p>\n\n\n\n<p><strong>HUKUK DANI\u015eMANI \u2013 Jurisconsult<br><\/strong>Av. Hasan ES<\/p>\n\n\n\n<p><strong>REKLAM M\u00dcD\u00dcR\u00dc \u2013 Advertising Manager<\/strong><br>K\u00f6ksal \u0130Y\u0130G\u00dcN&nbsp; \u2013&nbsp;destek@annelertoplandik.com<\/p>\n\n\n\n<p><strong>YAZILIM \/ Software<\/strong><br>Newspaper Haber Temas\u0131<\/p>\n\n\n\n<p><strong>A\u011e SA\u011eLAYICI \/ NETWORK Provider<\/strong><br><strong>GNET \u0130nternet Telekom\u00fcnikasyon A.\u015e.<\/strong><\/p>\n\n\n\n<p>\u0130\u00e7erenk\u00f6y Mh. Erta\u00e7 Sk. Ardil \u0130\u015f Merkezi No:4\/2 Kat: 1<br>Ata\u015fehir \/ \u0130STANBUL<\/p>\n\n\n\n<p><strong>TELEFON<\/strong> :+90 (850) 885 0 558<br><strong>FAX<\/strong>: +90 (850) 885 1 558<br><strong>E-POSTA<\/strong> :bilgi@guzel.net.tr<\/p>\n\n\n\n<p><br><br><\/p>\n\n\n\n<p><strong>BASIN B\u00dcLTENLER\u0130 \u2013 Press Release<\/strong><br>Sitemizde yay\u0131nlanmas\u0131 istedi\u011finiz bas\u0131n bildirileri veya haberleri&nbsp;iletisim@annelertoplandik.com&nbsp;E-mail adresine g\u00f6nderebilirsiniz. G\u00f6nderilen haber ve bas\u0131n bildirileri Genel yay\u0131n y\u00f6netmeni ve edit\u00f6rlerimiz taraf\u0131ndan incelendikten sonra haber de\u011feri ta\u015f\u0131yanlar sitemizde yay\u0131na l\u0131nacakt\u0131r.&nbsp;<\/p>\n\n\n\n<p><strong>Annelertoplandik.com 5651 Say\u0131l\u0131 Kanun kapsam\u0131nda Yer Sa\u011flay\u0131c\u0131&#8217;d\u0131r. Soru cevap platforunda i\u00e7erikler kullan\u0131c\u0131lar taraf\u0131ndan olu\u015fturulmaktad\u0131r. Bundan dolay\u0131 i\u00e7erikleri kontrol etme ya da ara\u015ft\u0131rma y\u00fck\u00fcml\u00fcl\u00fc\u011f\u00fc yoktur. Hukuka ayk\u0131r\u0131 oldu\u011funu d\u00fc\u015f\u00fcnd\u00fc\u011f\u00fcn\u00fcz i\u00e7eri\u011fi ileti\u015fim k\u0131sm\u0131ndan yazarak bize bildirebilirsiniz.<\/strong><\/p>\n\n\n\n<p><a href=\"https:\/\/annelertoplandik.com\/blog\/yayin-ilkelerimiz\/\" class=\"rank-math-link\">Yay\u0131n \u0130lkelerimiz<\/a>&nbsp;ve&nbsp;<a class=\"rank-math-link\" href=\"https:\/\/www.btnet.com.tr\/gizlilik-politikasi\/\">Gizlilik Politikam\u0131<\/a><a href=\"https:\/\/annelertoplandik.com\/blog\/gizlilik-politikasi-2\/\" class=\"rank-math-link\">z<\/a><\/p>\n","protected":false},"excerpt":{"rendered":"<p>\u0130MT\u0130YAZ SAH\u0130B\u0130 \u2013 Grantee K\u00f6ksal \u0130Y\u0130G\u00dcNdestek@annelertoplandik.com ADRES \/ Adress AKSU MAH. OM\u00dc CAD. OM\u00dc TEKNO PARK NO: 165 ATAKUM\/ SAMSUN DUNS Number 751130280 GENEL YAYIN Y\u00d6NETMEN\u0130 \u2013 Editor in Chief destek@annelertoplandik.com HABER ED\u0130T\u00d6RLER\u0130 \u2013 News Editorsno-reply@annelertoplandik.com GECE ED\u0130T\u00d6R\u00dc \u2013 Night Editor (\u00c7al\u0131\u015fma Saatleri \/ Working Hours 23:00-08:00)no-reply@annelertoplandik.com HUKUK DANI\u015eMANI \u2013 JurisconsultAv. Hasan ES REKLAM M\u00dcD\u00dcR\u00dc [&hellip;]<\/p>\n","protected":false},"author":1,"featured_media":0,"parent":0,"menu_order":0,"comment_status":"closed","ping_status":"closed","template":"","meta":{"tdm_status":"disabled","tdm_grid_status":"","footnotes":""},"yoast_head":"<!-- This site is optimized with the Yoast SEO plugin v24.5 - https:\/\/yoast.com\/wordpress\/plugins\/seo\/ -->\n<title>K\u00fcnye | Anneler Topland\u0131k<\/title>\n<meta name=\"robots\" content=\"index, follow, max-snippet:-1, max-image-preview:large, max-video-preview:-1\" \/>\n<link rel=\"canonical\" href=\"https:\/\/annelertoplandik.com\/blog\/kunye\/\" \/>\n<meta property=\"og:locale\" content=\"tr_TR\" \/>\n<meta property=\"og:type\" content=\"article\" \/>\n<meta property=\"og:title\" content=\"K\u00fcnye | Anneler Topland\u0131k\" \/>\n<meta property=\"og:description\" content=\"\u0130MT\u0130YAZ SAH\u0130B\u0130 \u2013 Grantee K\u00f6ksal \u0130Y\u0130G\u00dcNdestek@annelertoplandik.com ADRES \/ Adress AKSU MAH. OM\u00dc CAD. OM\u00dc TEKNO PARK NO: 165 ATAKUM\/ SAMSUN DUNS Number 751130280 GENEL YAYIN Y\u00d6NETMEN\u0130 \u2013 Editor in Chief destek@annelertoplandik.com HABER ED\u0130T\u00d6RLER\u0130 \u2013 News Editorsno-reply@annelertoplandik.com GECE ED\u0130T\u00d6R\u00dc \u2013 Night Editor (\u00c7al\u0131\u015fma Saatleri \/ Working Hours 23:00-08:00)no-reply@annelertoplandik.com HUKUK DANI\u015eMANI \u2013 JurisconsultAv. Hasan ES REKLAM M\u00dcD\u00dcR\u00dc [&hellip;]\" \/>\n<meta property=\"og:url\" content=\"https:\/\/annelertoplandik.com\/blog\/kunye\/\" \/>\n<meta property=\"og:site_name\" content=\"Anneler Topland\u0131k\" \/>\n<meta property=\"article:modified_time\" content=\"2024-09-20T19:56:53+00:00\" \/>\n<meta name=\"twitter:card\" content=\"summary_large_image\" \/>\n<meta name=\"twitter:label1\" content=\"Tahmini okuma s\u00fcresi\" \/>\n\t<meta name=\"twitter:data1\" content=\"1 dakika\" \/>\n<script type=\"application\/ld+json\" class=\"yoast-schema-graph\">{\"@context\":\"https:\/\/schema.org\",\"@graph\":[{\"@type\":\"WebPage\",\"@id\":\"https:\/\/annelertoplandik.com\/blog\/kunye\/\",\"url\":\"https:\/\/annelertoplandik.com\/blog\/kunye\/\",\"name\":\"K\u00fcnye | Anneler Topland\u0131k\",\"isPartOf\":{\"@id\":\"https:\/\/annelertoplandik.com\/blog\/#website\"},\"datePublished\":\"2020-12-09T10:41:29+00:00\",\"dateModified\":\"2024-09-20T19:56:53+00:00\",\"breadcrumb\":{\"@id\":\"https:\/\/annelertoplandik.com\/blog\/kunye\/#breadcrumb\"},\"inLanguage\":\"tr\",\"potentialAction\":[{\"@type\":\"ReadAction\",\"target\":[\"https:\/\/annelertoplandik.com\/blog\/kunye\/\"]}]},{\"@type\":\"BreadcrumbList\",\"@id\":\"https:\/\/annelertoplandik.com\/blog\/kunye\/#breadcrumb\",\"itemListElement\":[{\"@type\":\"ListItem\",\"position\":1,\"name\":\"Ana sayfa\",\"item\":\"https:\/\/annelertoplandik.com\/blog\/\"},{\"@type\":\"ListItem\",\"position\":2,\"name\":\"K\u00fcnye\"}]},{\"@type\":\"WebSite\",\"@id\":\"https:\/\/annelertoplandik.com\/blog\/#website\",\"url\":\"https:\/\/annelertoplandik.com\/blog\/\",\"name\":\"Anneler Topland\u0131k\",\"description\":\"Annelerin sanal payla\u015f\u0131m merkezi\",\"publisher\":{\"@id\":\"https:\/\/annelertoplandik.com\/blog\/#\/schema\/person\/1fe572fbbce7ca9b1429e03f3fc0d0a8\"},\"potentialAction\":[{\"@type\":\"SearchAction\",\"target\":{\"@type\":\"EntryPoint\",\"urlTemplate\":\"https:\/\/annelertoplandik.com\/blog\/?s={search_term_string}\"},\"query-input\":{\"@type\":\"PropertyValueSpecification\",\"valueRequired\":true,\"valueName\":\"search_term_string\"}}],\"inLanguage\":\"tr\"},{\"@type\":[\"Person\",\"Organization\"],\"@id\":\"https:\/\/annelertoplandik.com\/blog\/#\/schema\/person\/1fe572fbbce7ca9b1429e03f3fc0d0a8\",\"name\":\"Admin\",\"image\":{\"@type\":\"ImageObject\",\"inLanguage\":\"tr\",\"@id\":\"https:\/\/annelertoplandik.com\/blog\/#\/schema\/person\/image\/\",\"url\":\"https:\/\/annelertoplandik.com\/blog\/wp-content\/litespeed\/avatar\/b11040300c1fe933a5185741d40560b6.jpg?ver=1778847617\",\"contentUrl\":\"https:\/\/annelertoplandik.com\/blog\/wp-content\/litespeed\/avatar\/b11040300c1fe933a5185741d40560b6.jpg?ver=1778847617\",\"caption\":\"Admin\"},\"logo\":{\"@id\":\"https:\/\/annelertoplandik.com\/blog\/#\/schema\/person\/image\/\"}}]}<\/script>\n<!-- \/ Yoast SEO plugin. -->","yoast_head_json":{"title":"K\u00fcnye | Anneler Topland\u0131k","robots":{"index":"index","follow":"follow","max-snippet":"max-snippet:-1","max-image-preview":"max-image-preview:large","max-video-preview":"max-video-preview:-1"},"canonical":"https:\/\/annelertoplandik.com\/blog\/kunye\/","og_locale":"tr_TR","og_type":"article","og_title":"K\u00fcnye | Anneler Topland\u0131k","og_description":"\u0130MT\u0130YAZ SAH\u0130B\u0130 \u2013 Grantee K\u00f6ksal \u0130Y\u0130G\u00dcNdestek@annelertoplandik.com ADRES \/ Adress AKSU MAH. OM\u00dc CAD. OM\u00dc TEKNO PARK NO: 165 ATAKUM\/ SAMSUN DUNS Number 751130280 GENEL YAYIN Y\u00d6NETMEN\u0130 \u2013 Editor in Chief destek@annelertoplandik.com HABER ED\u0130T\u00d6RLER\u0130 \u2013 News Editorsno-reply@annelertoplandik.com GECE ED\u0130T\u00d6R\u00dc \u2013 Night Editor (\u00c7al\u0131\u015fma Saatleri \/ Working Hours 23:00-08:00)no-reply@annelertoplandik.com HUKUK DANI\u015eMANI \u2013 JurisconsultAv. Hasan ES REKLAM M\u00dcD\u00dcR\u00dc [&hellip;]","og_url":"https:\/\/annelertoplandik.com\/blog\/kunye\/","og_site_name":"Anneler Topland\u0131k","article_modified_time":"2024-09-20T19:56:53+00:00","twitter_card":"summary_large_image","twitter_misc":{"Tahmini okuma s\u00fcresi":"1 dakika"},"schema":{"@context":"https:\/\/schema.org","@graph":[{"@type":"WebPage","@id":"https:\/\/annelertoplandik.com\/blog\/kunye\/","url":"https:\/\/annelertoplandik.com\/blog\/kunye\/","name":"K\u00fcnye | Anneler Topland\u0131k","isPartOf":{"@id":"https:\/\/annelertoplandik.com\/blog\/#website"},"datePublished":"2020-12-09T10:41:29+00:00","dateModified":"2024-09-20T19:56:53+00:00","breadcrumb":{"@id":"https:\/\/annelertoplandik.com\/blog\/kunye\/#breadcrumb"},"inLanguage":"tr","potentialAction":[{"@type":"ReadAction","target":["https:\/\/annelertoplandik.com\/blog\/kunye\/"]}]},{"@type":"BreadcrumbList","@id":"https:\/\/annelertoplandik.com\/blog\/kunye\/#breadcrumb","itemListElement":[{"@type":"ListItem","position":1,"name":"Ana sayfa","item":"https:\/\/annelertoplandik.com\/blog\/"},{"@type":"ListItem","position":2,"name":"K\u00fcnye"}]},{"@type":"WebSite","@id":"https:\/\/annelertoplandik.com\/blog\/#website","url":"https:\/\/annelertoplandik.com\/blog\/","name":"Anneler Topland\u0131k","description":"Annelerin sanal payla\u015f\u0131m merkezi","publisher":{"@id":"https:\/\/annelertoplandik.com\/blog\/#\/schema\/person\/1fe572fbbce7ca9b1429e03f3fc0d0a8"},"potentialAction":[{"@type":"SearchAction","target":{"@type":"EntryPoint","urlTemplate":"https:\/\/annelertoplandik.com\/blog\/?s={search_term_string}"},"query-input":{"@type":"PropertyValueSpecification","valueRequired":true,"valueName":"search_term_string"}}],"inLanguage":"tr"},{"@type":["Person","Organization"],"@id":"https:\/\/annelertoplandik.com\/blog\/#\/schema\/person\/1fe572fbbce7ca9b1429e03f3fc0d0a8","name":"Admin","image":{"@type":"ImageObject","inLanguage":"tr","@id":"https:\/\/annelertoplandik.com\/blog\/#\/schema\/person\/image\/","url":"https:\/\/annelertoplandik.com\/blog\/wp-content\/litespeed\/avatar\/b11040300c1fe933a5185741d40560b6.jpg?ver=1778847617","contentUrl":"https:\/\/annelertoplandik.com\/blog\/wp-content\/litespeed\/avatar\/b11040300c1fe933a5185741d40560b6.jpg?ver=1778847617","caption":"Admin"},"logo":{"@id":"https:\/\/annelertoplandik.com\/blog\/#\/schema\/person\/image\/"}}]}},"amp_enabled":true,"_links":{"self":[{"href":"https:\/\/annelertoplandik.com\/blog\/wp-json\/wp\/v2\/pages\/3416"}],"collection":[{"href":"https:\/\/annelertoplandik.com\/blog\/wp-json\/wp\/v2\/pages"}],"about":[{"href":"https:\/\/annelertoplandik.com\/blog\/wp-json\/wp\/v2\/types\/page"}],"author":[{"embeddable":true,"href":"https:\/\/annelertoplandik.com\/blog\/wp-json\/wp\/v2\/users\/1"}],"replies":[{"embeddable":true,"href":"https:\/\/annelertoplandik.com\/blog\/wp-json\/wp\/v2\/comments?post=3416"}],"version-history":[{"count":1,"href":"https:\/\/annelertoplandik.com\/blog\/wp-json\/wp\/v2\/pages\/3416\/revisions"}],"predecessor-version":[{"id":5128,"href":"https:\/\/annelertoplandik.com\/blog\/wp-json\/wp\/v2\/pages\/3416\/revisions\/5128"}],"wp:attachment":[{"href":"https:\/\/annelertoplandik.com\/blog\/wp-json\/wp\/v2\/media?parent=3416"}],"curies":[{"name":"wp","href":"https:\/\/api.w.org\/{rel}","templated":true}]}}